0 = -5*r - 2*y + o. What are the prime factors of r?
2
Let a(o) = -o**2 - o. Let c(f) = -17*f**2 - 2*f - 1. Let t(m) = 4*a(m) - c(m). List the prime factors of t(1).
2, 3
Let w(o) = 1. Let a(l) = -3*l - 1. Let c(m) = 6*a(m) + 6*w(m). List the prime factors of c(-1).
2, 3
Suppose 0 = -0*o - o + 4, -n = 5*o - 51. What are the prime factors of n?
31
Let s = -2 + 4. Suppose -68 = -2*x + s*o, -o + 0 - 3 = 0. List the prime factors of x.
31
Suppose -42 = -12*a + 9*a. List the prime factors of a.
2, 7
Suppose -2*j - 31 + 4 = -3*z, -3*z + 3*j + 27 = 0. What are the prime factors of z?
3
Suppose -4*o = o - 5. Let k = 3 - o. Suppose -4*p = x - 22, 5*x - 21 + 1 = -k*p. List the prime factors of p.
5
What are the prime factors of ((-9)/3)/((-3)/252)?
2, 3, 7
Let h(g) = -3*g**3 - 1. Let x be h(-1). Suppose -3*s = -5*w + 1, 10 = 5*s + x*w - 9. What are the prime factors of s?
3
Suppose 2*q + q + 3*v = 189, -2*q + v + 120 = 0. List the prime factors of q.
61
Suppose 35 = c - 4*o, -4*c - c + 3*o + 209 = 0. What are the prime factors of c?
43
Suppose -3*l = 2*d - 383, -4*d + 763 = -0*d + 5*l. What are the prime factors of d?
11, 17
Suppose 34 = i - 1. List the prime factors of i.
5, 7
Suppose 58 = c + 3*o + 16, -186 = -3*c + 3*o. What are the prime factors of c?
3, 19
Suppose 78 = 2*n + 2*n + 2*i, 4*i - 56 = -3*n. List the prime factors of n/6 + 2/(-6).
3
Let b = 18 + 34. Suppose 5*q - 3*q - b = 0. What are the prime factors of q?
2, 13
Let n(q) = -21*q - 16. What are the prime factors of n(-4)?
2, 17
Suppose 36*x = 38*x + 2560. List the prime factors of x/(-50) - (-2)/5.
2, 13
Suppose 0 = -0*t + 3*t. Suppose 3*i - 2 - 40 = t. What are the prime factors of i?
2, 7
Let f(n) = -n**2 + 9*n - 6. Let z = -14 + 20. What are the prime factors of f(z)?
2, 3
Suppose s = 4*x + 229, 3*s - x + 413 = 5*s. List the prime factors of s.
11, 19
Suppose -26 = -4*u + 26. Suppose 15 = 4*v - u. What are the prime factors of v?
7
Let h(g) be the second derivative of g**3/2 - 2*g**2 - g. List the prime factors of h(4).
2
Let d = -7 - 0. Let h(w) = -w**2 - 6*w - 4. Let v be h(d). Let b = 19 + v. List the prime factors of b.
2
Let b(v) = v**3 - 2*v**2 - 9*v + 20. What are the prime factors of b(6)?
2, 5, 11
Let h = -18 + -24. Let b = 61 + h. List the prime factors of b.
19
What are the prime factors of (-2367)/(-15) + (-1)/(-5)?
2, 79
Suppose -7*g + 60 = -3*g. What are the prime factors of g?
3, 5
Let j = -60 - -157. What are the prime factors of j?
97
Let z be (4/6)/(4/(-12)). List the prime factors of (-67)/(-5) + z/5.
13
Let p(g) = -g**3 - 4*g**2 + 5*g + 5. Let n be p(-4). Let x = n + 28. What are the prime factors of x?
13
Let z(g) be the second derivative of g**4/12 - 7*g**3/6 - 2*g**2 + g. What are the prime factors of z(10)?
2, 13
Let n = -2 - -4. Suppose -n*l + 7 = -17. List the prime factors of l.
2, 3
Suppose 3*j - 1 = 8. Let n be (0 - -3)/j*-2. What are the prime factors of (n + 2 + -2)*-2?
2
Let i(s) = -s**2 - 11*s - 8. Let g be i(-10). Suppose 2*x - y - 9 = 0, 5 - g = -y. List the prime factors of x.
3
Suppose 7 = 2*c - 9. Let r = 4 + 0. Suppose -3*t - r*n + 2 = 0, -7 = -t - 3*n + c*n. What are the prime factors of t?
2
Let q = 164 + -77. List the prime factors of q.
3, 29
Let z(c) = -15*c - 24. List the prime factors of z(-4).
2, 3
Let k(z) = -2*z + 533 - 540 + 0*z. Let g(w) = -8*w. Let l be g(1). List the prime factors of k(l).
3
Suppose t = 4*o + 15, -3*t - o = 2*t - 75. List the prime factors of t.
3, 5
Suppose -n = -r + 3*r - 256, -r + 114 = 4*n. What are the prime factors of r?
2, 5, 13
Suppose -5*f - 2*u + 5 = -5, 3*f = -2*u + 6. Suppose 3*a = -2*z + 29, -5*a = f*z - 59 + 8. What are the prime factors of a?
11
Let s = 10 + 55. What are the prime factors of s?
5, 13
Let g(n) = -n + 2. What are the prime factors of g(-8)?
2, 5
What are the prime factors of (46/(-115))/((-2)/565)?
113
Let g(s) = 4*s + 2. Suppose -2*m = m - 9. What are the prime factors of g(m)?
2, 7
Suppose -6*c - 3*i - 57 = -c, -5*i + 17 = -c. List the prime factors of (-44)/(-3) + (-4)/c.
3, 5
Suppose q = 3*u + 16, -3*u - 9 = q - u. What are the prime factors of 1/(q/4*1)?
2
Suppose 0 = 13*w - 15*w - 56. Let n = w - -65. List the prime factors of n.
37
Suppose 0 = 5*l - 5*y, -5*y + 2 + 3 = 0. Let b(d) = -2*d. Let q be b(l). What are the prime factors of (q + 6)/2 - -4?
2, 3
Suppose 5*g = -3*c - 7, -2*g - 3 = 3*c - 2. Let t be ((-27)/6)/((-1)/g). List the prime factors of (-133)/t - (-4)/18.
3, 5
Let o be 3/(-1) - (5 + 5). Let y = o - -28. List the prime factors of y.
3, 5
List the prime factors of (-3 - -305)*3/6.
151
Let f(g) be the first derivative of g**2 - 2*g**3 + 1/4*g**4 - 1 + 0*g. List the prime factors of f(6).
2, 3
What are the prime factors of 90/(2 - 2/2)?
2, 3, 5
Suppose 0*c + 4*c = 24. What are the prime factors of c - 0/(-1) - 0?
2, 3
Let a = 344 - 144. What are the prime factors of a?
2, 5
Let m(r) = 3*r - 8. Let a(c) = 7*c - 16. Let h(d) = 2*a(d) - 5*m(d). Let w be h(4). Suppose -w*z = z - 60. What are the prime factors of z?
2, 3
Let v(b) = b**3 + 8*b**2 - b + 5. Let f be v(-8). Let w = f - 8. What are the prime factors of w?
5
Suppose 2*q = -5*h + 21 + 52, q - h - 26 = 0. What are the prime factors of q?
29
Suppose -2*b + i = -21 + 3, -4*i = 3*b - 5. What are the prime factors of b?
7
Let m be ((-2)/(-3))/(24/108). Let k(t) = 19*t - 2. List the prime factors of k(m).
5, 11
List the prime factors of (18/15)/(-3)*-105.
2, 3, 7
Let p be (-225)/33 - 4/22. Let h = -6 - p. What are the prime factors of (-12 - 1)*(h + -2)?
13
What are the prime factors of (-13 + 1)*5/(-2)?
2, 3, 5
What are the prime factors of ((-30)/21)/5 + 1320/14?
2, 47
Let c(p) = -p**2 + 4*p - p**2 + 16*p**2 - 3*p. What are the prime factors of c(1)?
3, 5
Suppose 3*p - 3*m = 0, 5*p + 2 = 4*m + 6. Suppose 8 = -0*u + p*u. Suppose s + 7 = 2*y - u, 0 = 4*y + 3*s - 3. List the prime factors of y.
3
Suppose 0 = 3*d - 3. Let y = 3 - d. Suppose 3*w = 3*j - 36, j = -y*j - 5*w - 4. List the prime factors of j.
7
Let r(x) = x**2 + 10*x - 5*x + 1 - 4. List the prime factors of r(-7).
11
Let d(w) = 33*w - 24. List the prime factors of d(7).
3, 23
Let i = -13 + 21. Suppose 4*d + 0*g = 5*g - 10, 3*d + 3*g = 6. Suppose d = 3*n + n - i. List the prime factors of n.
2
Suppose a - 4 = 0, m + 6*a - 30 = a. What are the prime factors of m?
2, 5
Suppose -3*i + 5*i - 146 = 0. Suppose j = -4*k + i, 4*j - 16 = -3*k + 42. List the prime factors of k.
2, 3
Let j(x) = x**3 - 9*x**2 - 5*x - 12. Let y be j(10). Suppose y = 2*p - p. What are the prime factors of p?
2, 19
Let q(v) = v**2 - 7*v + 11. What are the prime factors of q(8)?
19
Let l(h) = h**3 - 5*h**2 - 7*h - 5. Let z be l(6). Let k = -4 - z. Suppose 4*a - k*s - 26 = -2*s, 4 = -2*s. What are the prime factors of a?
2
Suppose -5*r - 3168 = -16*r. List the prime factors of r.
2, 3
Suppose -2*f + 3*o + 1 = 0, -2*f + 0*o - 2*o - 4 = 0. Let t = f - -7. List the prime factors of t.
2, 3
Suppose -46 - 28 = -2*i. What are the prime factors of i?
37
Let g(s) = s**3 - 3*s**2 - 3*s - 2. Let d be g(4). Suppose 31 = 3*m + 2*u, 17 + d = 2*m + u. What are the prime factors of m?
7
Let w be 2/5 - 1188/45. Let s = 36 + w. List the prime factors of s.
2, 5
Let f be 306/15*60/9. Suppose 3*z + z + 54 = 2*s, 4*s - z = f. What are the prime factors of s?
5, 7
Let c(a) = -a - 6. Let z be c(-4). Let u(m) = m**2 + 2. What are the prime factors of u(z)?
2, 3
Suppose -405 = -8*i + 3*i. Suppose 1 = -4*y + i. Suppose -y = -6*r + r. What are the prime factors of r?
2
Suppose -1 = -3*q + x + 5, -2*q + 3*x = 3. What are the prime factors of (q + 2 + -2)/1?
3
Let m = -7 + 11. Let g(b) = 2*b - 4. What are the prime factors of g(m)?
2
Suppose -3*k + 35 = 2. Let w = -4 + k. What are the prime factors of w?
7
Suppose -l - 3*l + 12 = 0. Suppose -l*d - 2 = -14. Let r = d + -1. List the prime factors of r.
3
Suppose -5*c + 0*c + 110 = 0. Let n = c + -9. List the prime factors of n.
13
Let x(p) = p**3 - p**2 + 1. Let h be x(2). What are the prime factors of (-2 + -2 + h)*19?
19
Suppose 29*x + 344 = 31*x. What are the prime factors of x?
2, 43
Let c(l) = -l**3 + 4*l**2 - 2*l. Let j be c(3). Suppose 32 = 3*f + j*b - 31, 0 = 3*f - 2*b - 43. List the prime factors of f.
17
Let u(q) = -23*q - 2. What are the prime factors of u(